{"id":31,"date":"2019-10-17T22:42:47","date_gmt":"2019-10-17T22:42:47","guid":{"rendered":"http:\/\/andreas-vosseler.de\/?page_id=31"},"modified":"2023-10-23T15:07:27","modified_gmt":"2023-10-23T15:07:27","slug":"themenschwerpunkte","status":"publish","type":"page","link":"https:\/\/andreas-vosseler.de\/?page_id=31","title":{"rendered":"Themen"},"content":{"rendered":"\n<p>Als Mitglied des Bezirksausschusses 13 (Bogenhausen) k\u00fcmmere ich mich um alle Themen, die Ihnen in unserem Stadtteil wichtig sind. Gemeinsam mit den B\u00fcrger*innen unseres Stadtteils will ich unser Viertel so gestalten, dass sich alle Menschen hier wohlf\u00fchlen. Gerne k\u00fcmmere ich mich um Ihre Fragen und nehme Ihre Anliegen mit in unsere Fraktionssitzung und in den Bezirksausschuss: <a href=\"http:\/\/andreas-vosseler.de\/?page_id=44\" data-type=\"URL\" data-id=\"http:\/\/andreas-vosseler.de\/?page_id=44\">Kontakt<\/a><\/p>\n\n\n\n<p><\/p>\n\n\n\n<p>Neben meiner Arbeit im Bezirksausschuss 13 bin ich auch im M\u00fcnchner Stadtrat und im Oberbayrischen Bezirkstag. Der Bezirkstag in Oberbayern ist ein politisches Gremium, welches den Bezirk Oberbayern verwaltet und alle f\u00fcnf Jahre zeitgleich mit dem Landtag gew\u00e4hlt wird. Die Themen des Bezirkstags sind:<\/p>\n\n\n\n<p>Soziales und Gesundheit &#8211; z.B. Leistungen f\u00fcr Menschen mit Behinderungen, Eingliederungshilfen und Reha-Ma\u00dfnahmen, klinische Angebote f\u00fcr seelische Gesundheit.<\/p>\n\n\n\n<p>Bildung und Kultur &#8211; der Bezirk ist Tr\u00e4ger von F\u00f6rderschulen und berufsbildenen Schulen. Au\u00dferdem ist er Tr\u00e4ger von Museen und richtet Veranstaltungen aus.<\/p>\n\n\n\n<p>Heimat und Umwelt &#8211; der Bezirk Oberbayern f\u00f6rdert die Denkmalpflege und das regionale Brauchtum, er f\u00f6rdert \u00f6kologisch wertvolle Fl\u00e4chen und bietet Fachberatung f\u00fcr Fischerei und Imkerei.<\/p>\n\n\n\n<p><\/p>\n\n\n\n<p>Im M\u00fcnchner Stadtrat sind meine Schwerpunktthemen:<\/p>\n\n\n\n<p><strong>Flucht und Migration:<\/strong><\/p>\n\n\n\n<img loading=\"lazy\" width=\"853\" height=\"853\" class=\"wp-image-123\" style=\"width: 150px;\" src=\"http:\/\/andreas-vosseler.de\/wp-content\/uploads\/2019\/10\/Flucht-Quadrat.jpg\" alt=\"\" srcset=\"https:\/\/andreas-vosseler.de\/wp-content\/uploads\/2019\/10\/Flucht-Quadrat.jpg 853w, https:\/\/andreas-vosseler.de\/wp-content\/uploads\/2019\/10\/Flucht-Quadrat-150x150.jpg 150w, https:\/\/andreas-vosseler.de\/wp-content\/uploads\/2019\/10\/Flucht-Quadrat-400x400.jpg 400w, https:\/\/andreas-vosseler.de\/wp-content\/uploads\/2019\/10\/Flucht-Quadrat-768x768.jpg 768w, https:\/\/andreas-vosseler.de\/wp-content\/uploads\/2019\/10\/Flucht-Quadrat-800x800.jpg 800w\" sizes=\"(max-width: 853px) 100vw, 853px\" \/>\n\n\n\n<p><\/p>\n\n\n\n<ul><li>Ich setze mich weiter daf\u00fcr ein, dass die menschenunw\u00fcrdigen \u201eAnkER\u201c-Zentren in M\u00fcnchen<strong> <\/strong>und auch in Bayern abgeschafft werden. Obwohl die neue Bundesregierung in ihrem Koalitionsvertrag festgehalten hat, dass sie dieses Konzept nicht weiter verfolgt, hat Bayern beschlossen die Ankerzentren weiter zu f\u00fchren. Was Ankerzentren sind und warum ich dieses Konzept ablehne, <a rel=\"noreferrer noopener\" href=\"http:\/\/andreas-vosseler.de\/?page_id=291\" data-type=\"URL\" data-id=\"http:\/\/andreas-vosseler.de\/?page_id=291\" target=\"_blank\">k\u00f6nnen Sie hier lesen<\/a>.<\/li><\/ul>\n\n\n\n<ul><li>Gemeinsam mit weiteren Parteikolleg:innen setze ich mich daf\u00fcr ein, dass Gefl\u00fcchtete eine Krankenkassenkarte bekommen. Aktuell ist es in Bayern so, dass Asylantragsteller*innen vor Arztbesuchen im Amt einen Krankenschein beantragen m\u00fcssen. Einer*r Verwaltungsmitarbeiter*in ohne medizinischer Kenntnisse obliegt also die Entscheidung, ob eine Behandlung notwendig ist. Unsere Forderungen nach medizinischen Verbesserungen haben wir in die Koalitionsverhandlungen 2021 mit eingebracht. Im Koalitionsvertrag steht: &#8222;Wir werden die medizinische Versorgung f\u00fcr Gefl\u00fcchtete entb\u00fcrokratisieren&#8220;. Ich bin zuversichtlich, dass sich unsere Forderung in dem Gesetzespaket wiederfindet, welches aktuell von der Bundesregierung erarbeitet wird.<\/li><\/ul>\n\n\n\n<ul><li>Ich setze mich weiter daf\u00fcr ein, dass sich Gefl\u00fcchtete in M\u00fcnchen auch in Zukunft willkommen f\u00fchlen. Au\u00dferdem m\u00fcssen Menschen mit besonderem Schutzbedarf (alleinreisende Frauen, LGBTIQ* Gefl\u00fcchtete, Religionswechsler*innen, usw.) so untergebracht werden, dass sie in M\u00fcnchen in Sicherheit leben k\u00f6nnen. <\/li><\/ul>\n\n\n\n<ul><li>Ich setze mich weiter daf\u00fcr ein, dass Benachteiligungen von Kindern mit Migrationshintergrund abgebaut werden. Diese Kinder m\u00fcssen bereits vor der Einschulung eine starke Deutschf\u00f6rderung bekommen und Lehrer*innen m\u00fcssen durch Fortbildungen sensibilisiert werden in Bezug auf die offenen und versteckten Formen von Diskriminierungen<strong> <\/strong>im deutschen Bildungssystem aufgrund von Migration.<\/li><\/ul>\n\n\n\n<p><br><\/p>\n\n\n\n<p><strong>B\u00fcrgerschaftliches Engagement<\/strong>:<\/p>\n\n\n\n<img loading=\"lazy\" width=\"719\" height=\"719\" class=\"wp-image-122\" style=\"width: 150px;\" src=\"http:\/\/andreas-vosseler.de\/wp-content\/uploads\/2019\/10\/Engagement-Quadrat-1.jpg\" alt=\"\" srcset=\"https:\/\/andreas-vosseler.de\/wp-content\/uploads\/2019\/10\/Engagement-Quadrat-1.jpg 719w, https:\/\/andreas-vosseler.de\/wp-content\/uploads\/2019\/10\/Engagement-Quadrat-1-150x150.jpg 150w, https:\/\/andreas-vosseler.de\/wp-content\/uploads\/2019\/10\/Engagement-Quadrat-1-400x400.jpg 400w\" sizes=\"(max-width: 719px) 100vw, 719px\" \/>\n\n\n\n<p><\/p>\n\n\n\n<ul><li>B\u00fcrgerschaftliches Engagement ist Ausdruck einer solidarischen und demokratischen Gesellschaft. Durch B\u00fcrgerschaftliches Engagement ist eine Gesellschaft resilient und kann gut auf gesellschaftliche Krisen reagieren.<\/li><li>Deshalb setze ich mich daf\u00fcr ein, dass b\u00fcrgerschaftliches Engagement auch weiterhin von der Politik in unterschiedlichster Art und Weise gef\u00f6rdert wird.<\/li><li>Ich mache mich stark f\u00fcr eine zus\u00e4tzliche Anerkennungskultur, die nicht an eine Antragsstellung gebunden ist. Auch kurze Engagements verdienen eine entsprechende Anerkennung.<\/li><li>Ich setze mich f\u00fcr eine bezahlte Freistellung f\u00fcr freiwillige Mitarbeiter*innen in der Jugendarbeit ein (z.B. Ferienlager)<\/li><\/ul>\n\n\n\n<p><br><\/p>\n\n\n\n<p><strong>Jugendhilfe f\u00fcr junge Vollj\u00e4hrige<\/strong>:<\/p>\n\n\n\n<img loading=\"lazy\" width=\"856\" height=\"856\" class=\"wp-image-124\" style=\"width: 150px;\" src=\"http:\/\/andreas-vosseler.de\/wp-content\/uploads\/2019\/10\/jugendhilfe-Quadrat.jpg\" alt=\"\" srcset=\"https:\/\/andreas-vosseler.de\/wp-content\/uploads\/2019\/10\/jugendhilfe-Quadrat.jpg 856w, https:\/\/andreas-vosseler.de\/wp-content\/uploads\/2019\/10\/jugendhilfe-Quadrat-150x150.jpg 150w, https:\/\/andreas-vosseler.de\/wp-content\/uploads\/2019\/10\/jugendhilfe-Quadrat-400x400.jpg 400w, https:\/\/andreas-vosseler.de\/wp-content\/uploads\/2019\/10\/jugendhilfe-Quadrat-768x768.jpg 768w, https:\/\/andreas-vosseler.de\/wp-content\/uploads\/2019\/10\/jugendhilfe-Quadrat-800x800.jpg 800w\" sizes=\"(max-width: 856px) 100vw, 856px\" \/>\n\n\n\n<p><\/p>\n\n\n\n<ul><li>Junge Vollj\u00e4hrige m\u00fcssen einfach und schnell die Hilfe bekommen, die ihnen per Gesetz zusteht. Wenn junge Vollj\u00e4hrige nicht das tun, was das Jugendamt ihnen sagt, wird die Jugendhilfe h\u00e4ufig sehr schnell beendet obwohl eine mangelnde Mitwirkungspflicht doch gerade ein Zeichen f\u00fcr einen Hilfebedarf ist.<\/li><li>Junge Vollj\u00e4hrige m\u00fcssen angemessene Hilfen bekommen, bei denen sie ein echtes Mitspracherecht haben.<\/li><li>Besonders f\u00fcr Jugendliche, welche die Jugendhilfe verlassen (sogenannte Care-Leaver), muss es angemessene Unterst\u00fctzung geben, um eine Wohnungslosigkeit vorzubeugen. Dies wurde in dem neuen Jugendhilfegesetz so formuliert. Es bleibt abzuwarten, wie Jugend\u00e4mter diese Hilfen ausgestalten.<\/li><\/ul>\n\n\n\n<figure class=\"wp-block-gallery has-nested-images columns-default is-cropped\"><\/figure>\n","protected":false},"excerpt":{"rendered":"<p>Als Mitglied des Bezirksausschusses 13 (Bogenhausen) k\u00fcmmere ich mich um alle Themen, die Ihnen in unserem Stadtteil wichtig sind. Gemeinsam mit den B\u00fcrger*innen unseres Stadtteils will ich unser Viertel so&#8230; <\/p>\n","protected":false},"author":1,"featured_media":0,"parent":0,"menu_order":0,"comment_status":"closed","ping_status":"closed","template":"","meta":[],"_links":{"self":[{"href":"https:\/\/andreas-vosseler.de\/index.php?rest_route=\/wp\/v2\/pages\/31"}],"collection":[{"href":"https:\/\/andreas-vosseler.de\/index.php?rest_route=\/wp\/v2\/pages"}],"about":[{"href":"https:\/\/andreas-vosseler.de\/index.php?rest_route=\/wp\/v2\/types\/page"}],"author":[{"embeddable":true,"href":"https:\/\/andreas-vosseler.de\/index.php?rest_route=\/wp\/v2\/users\/1"}],"replies":[{"embeddable":true,"href":"https:\/\/andreas-vosseler.de\/index.php?rest_route=%2Fwp%2Fv2%2Fcomments&post=31"}],"version-history":[{"count":30,"href":"https:\/\/andreas-vosseler.de\/index.php?rest_route=\/wp\/v2\/pages\/31\/revisions"}],"predecessor-version":[{"id":445,"href":"https:\/\/andreas-vosseler.de\/index.php?rest_route=\/wp\/v2\/pages\/31\/revisions\/445"}],"wp:attachment":[{"href":"https:\/\/andreas-vosseler.de\/index.php?rest_route=%2Fwp%2Fv2%2Fmedia&parent=31"}],"curies":[{"name":"wp","href":"https:\/\/api.w.org\/{rel}","templated":true}]}}

<p>Als Mitglied des Bezirksausschusses 13 (Bogenhausen) kümmere ich mich um alle Themen, die Ihnen in unserem Stadtteil wichtig sind. Gemeinsam mit den Bürger*innen unseres Stadtteils will ich unser Viertel so gestalten, dass sich alle Menschen hier wohlfühlen. Gerne kümmere ich mich um Ihre Fragen und nehme Ihre Anliegen mit in unsere Fraktionssitzung und in den Bezirksausschuss: <a href="http://andreas-vosseler.de/?page_id=44" data-type="URL" data-id="http://andreas-vosseler.de/?page_id=44">Kontakt</a></p>



<p></p>



<p>Neben meiner Arbeit im Bezirksausschuss 13 bin ich auch im Münchner Stadtrat und im Oberbayrischen Bezirkstag. Der Bezirkstag in Oberbayern ist ein politisches Gremium, welches den Bezirk Oberbayern verwaltet und alle fünf Jahre zeitgleich mit dem Landtag gewählt wird. Die Themen des Bezirkstags sind:</p>



<p>Soziales und Gesundheit &#8211; z.B. Leistungen für Menschen mit Behinderungen, Eingliederungshilfen und Reha-Maßnahmen, klinische Angebote für seelische Gesundheit.</p>



<p>Bildung und Kultur &#8211; der Bezirk ist Träger von Förderschulen und berufsbildenen Schulen. Außerdem ist er Träger von Museen und richtet Veranstaltungen aus.</p>



<p>Heimat und Umwelt &#8211; der Bezirk Oberbayern fördert die Denkmalpflege und das regionale Brauchtum, er fördert ökologisch wertvolle Flächen und bietet Fachberatung für Fischerei und Imkerei.</p>



<p></p>



<p>Im Münchner Stadtrat sind meine Schwerpunktthemen:</p>



<p><strong>Flucht und Migration:</strong></p>



<img loading="lazy" width="853" height="853" class="wp-image-123" style="width: 150px;" src="http://andreas-vosseler.de/wp-content/uploads/2019/10/Flucht-Quadrat.jpg" alt="" srcset="https://andreas-vosseler.de/wp-content/uploads/2019/10/Flucht-Quadrat.jpg 853w, https://andreas-vosseler.de/wp-content/uploads/2019/10/Flucht-Quadrat-150x150.jpg 150w, https://andreas-vosseler.de/wp-content/uploads/2019/10/Flucht-Quadrat-400x400.jpg 400w, https://andreas-vosseler.de/wp-content/uploads/2019/10/Flucht-Quadrat-768x768.jpg 768w, https://andreas-vosseler.de/wp-content/uploads/2019/10/Flucht-Quadrat-800x800.jpg 800w" sizes="(max-width: 853px) 100vw, 853px" />



<p></p>



<ul><li>Ich setze mich weiter dafür ein, dass die menschenunwürdigen „AnkER“-Zentren in München<strong> </strong>und auch in Bayern abgeschafft werden. Obwohl die neue Bundesregierung in ihrem Koalitionsvertrag festgehalten hat, dass sie dieses Konzept nicht weiter verfolgt, hat Bayern beschlossen die Ankerzentren weiter zu führen. Was Ankerzentren sind und warum ich dieses Konzept ablehne, <a rel="noreferrer noopener" href="http://andreas-vosseler.de/?page_id=291" data-type="URL" data-id="http://andreas-vosseler.de/?page_id=291" target="_blank">können Sie hier lesen</a>.</li></ul>



<ul><li>Gemeinsam mit weiteren Parteikolleg:innen setze ich mich dafür ein, dass Geflüchtete eine Krankenkassenkarte bekommen. Aktuell ist es in Bayern so, dass Asylantragsteller*innen vor Arztbesuchen im Amt einen Krankenschein beantragen müssen. Einer*r Verwaltungsmitarbeiter*in ohne medizinischer Kenntnisse obliegt also die Entscheidung, ob eine Behandlung notwendig ist. Unsere Forderungen nach medizinischen Verbesserungen haben wir in die Koalitionsverhandlungen 2021 mit eingebracht. Im Koalitionsvertrag steht: &#8222;Wir werden die medizinische Versorgung für Geflüchtete entbürokratisieren&#8220;. Ich bin zuversichtlich, dass sich unsere Forderung in dem Gesetzespaket wiederfindet, welches aktuell von der Bundesregierung erarbeitet wird.</li></ul>



<ul><li>Ich setze mich weiter dafür ein, dass sich Geflüchtete in München auch in Zukunft willkommen fühlen. Außerdem müssen Menschen mit besonderem Schutzbedarf (alleinreisende Frauen, LGBTIQ* Geflüchtete, Religionswechsler*innen, usw.) so untergebracht werden, dass sie in München in Sicherheit leben können. </li></ul>



<ul><li>Ich setze mich weiter dafür ein, dass Benachteiligungen von Kindern mit Migrationshintergrund abgebaut werden. Diese Kinder müssen bereits vor der Einschulung eine starke Deutschförderung bekommen und Lehrer*innen müssen durch Fortbildungen sensibilisiert werden in Bezug auf die offenen und versteckten Formen von Diskriminierungen<strong> </strong>im deutschen Bildungssystem aufgrund von Migration.</li></ul>



<p><br></p>



<p><strong>Bürgerschaftliches Engagement</strong>:</p>



<img loading="lazy" width="719" height="719" class="wp-image-122" style="width: 150px;" src="http://andreas-vosseler.de/wp-content/uploads/2019/10/Engagement-Quadrat-1.jpg" alt="" srcset="https://andreas-vosseler.de/wp-content/uploads/2019/10/Engagement-Quadrat-1.jpg 719w, https://andreas-vosseler.de/wp-content/uploads/2019/10/Engagement-Quadrat-1-150x150.jpg 150w, https://andreas-vosseler.de/wp-content/uploads/2019/10/Engagement-Quadrat-1-400x400.jpg 400w" sizes="(max-width: 719px) 100vw, 719px" />



<p></p>



<ul><li>Bürgerschaftliches Engagement ist Ausdruck einer solidarischen und demokratischen Gesellschaft. Durch Bürgerschaftliches Engagement ist eine Gesellschaft resilient und kann gut auf gesellschaftliche Krisen reagieren.</li><li>Deshalb setze ich mich dafür ein, dass bürgerschaftliches Engagement auch weiterhin von der Politik in unterschiedlichster Art und Weise gefördert wird.</li><li>Ich mache mich stark für eine zusätzliche Anerkennungskultur, die nicht an eine Antragsstellung gebunden ist. Auch kurze Engagements verdienen eine entsprechende Anerkennung.</li><li>Ich setze mich für eine bezahlte Freistellung für freiwillige Mitarbeiter*innen in der Jugendarbeit ein (z.B. Ferienlager)</li></ul>



<p><br></p>



<p><strong>Jugendhilfe für junge Volljährige</strong>:</p>



<img loading="lazy" width="856" height="856" class="wp-image-124" style="width: 150px;" src="http://andreas-vosseler.de/wp-content/uploads/2019/10/jugendhilfe-Quadrat.jpg" alt="" srcset="https://andreas-vosseler.de/wp-content/uploads/2019/10/jugendhilfe-Quadrat.jpg 856w, https://andreas-vosseler.de/wp-content/uploads/2019/10/jugendhilfe-Quadrat-150x150.jpg 150w, https://andreas-vosseler.de/wp-content/uploads/2019/10/jugendhilfe-Quadrat-400x400.jpg 400w, https://andreas-vosseler.de/wp-content/uploads/2019/10/jugendhilfe-Quadrat-768x768.jpg 768w, https://andreas-vosseler.de/wp-content/uploads/2019/10/jugendhilfe-Quadrat-800x800.jpg 800w" sizes="(max-width: 856px) 100vw, 856px" />



<p></p>



<ul><li>Junge Volljährige müssen einfach und schnell die Hilfe bekommen, die ihnen per Gesetz zusteht. Wenn junge Volljährige nicht das tun, was das Jugendamt ihnen sagt, wird die Jugendhilfe häufig sehr schnell beendet obwohl eine mangelnde Mitwirkungspflicht doch gerade ein Zeichen für einen Hilfebedarf ist.</li><li>Junge Volljährige müssen angemessene Hilfen bekommen, bei denen sie ein echtes Mitspracherecht haben.</li><li>Besonders für Jugendliche, welche die Jugendhilfe verlassen (sogenannte Care-Leaver), muss es angemessene Unterstützung geben, um eine Wohnungslosigkeit vorzubeugen. Dies wurde in dem neuen Jugendhilfegesetz so formuliert. Es bleibt abzuwarten, wie Jugendämter diese Hilfen ausgestalten.</li></ul>



<figure class="wp-block-gallery has-nested-images columns-default is-cropped"></figure>

<p>Als Mitglied des Bezirksausschusses 13 (Bogenhausen) kümmere ich mich um alle Themen, die Ihnen in unserem Stadtteil wichtig sind. Gemeinsam mit den Bürger*innen unseres Stadtteils will ich unser Viertel so&#8230; </p>
