{"id":32,"date":"2019-10-17T22:42:47","date_gmt":"2019-10-17T22:42:47","guid":{"rendered":"http:\/\/andreas-vosseler.de\/?page_id=32"},"modified":"2023-10-23T15:11:13","modified_gmt":"2023-10-23T15:11:13","slug":"ueber-mich","status":"publish","type":"page","link":"https:\/\/andreas-vosseler.de\/?page_id=32","title":{"rendered":"\u00dcber mich"},"content":{"rendered":"\n<div class=\"wp-block-image\"><figure class=\"alignleft is-resized\"><img loading=\"lazy\" src=\"http:\/\/andreas-vosseler.de\/wp-content\/uploads\/2019\/12\/paradebild.jpg\" alt=\"\" class=\"wp-image-220\" width=\"208\" height=\"327\" srcset=\"https:\/\/andreas-vosseler.de\/wp-content\/uploads\/2019\/12\/paradebild.jpg 609w, https:\/\/andreas-vosseler.de\/wp-content\/uploads\/2019\/12\/paradebild-381x600.jpg 381w, https:\/\/andreas-vosseler.de\/wp-content\/uploads\/2019\/12\/paradebild-95x150.jpg 95w\" sizes=\"(max-width: 208px) 100vw, 208px\" \/><\/figure><\/div>\n\n\n\n<p><strong>Pers\u00f6nlich:<\/strong><br>Jahrgang 1976 <br>Wohnhaft in Bogenhausen-Denning<\/p>\n\n\n\n<p><strong>Politisch:<\/strong><br>\u00dcber meine Arbeit als Sozialp\u00e4dagoge f\u00fcr jungenliche Gefl\u00fcchtete in der Bayernkaserne 2015 bin ich zu den Gr\u00fcnen gekommen und arbeite im Stadtarbeitskreis Migration&amp;Flucht der Gr\u00fcnen M\u00fcnchen mit, deren Sprecher ich bis 2022 war. Ebenfalls bis Ende 2022 war ich in Bogenhausen bis letztes Jahr Beisitzer im Vorstand des Gr\u00fcnen Ortsverbands. Au\u00dferdem bin ich Mitglied im Bezirksausschuss 13, im M\u00fcnchner Stadtrat und im oberbayrischen Bezirkstag.<\/p>\n\n\n\n<p class=\"has-text-align-left\"><strong>Beruflich:<\/strong><br>Bis Otober 2023 war ich bei <a href=\"http:\/\/www.regsam.net\" data-type=\"URL\" data-id=\"www.regsam.net\">REGSAM<\/a> als Moderator f\u00fcr die Stadtbezirke 4\/12 (Schwabing und Schwabing\/Freimann) sowie 8\/25 (Schwanthalerh\u00f6he, Westend, Laim) angestellt. Davor war ich von 2021 bei der Caritas Oberbayern als &#8222;Referent f\u00fcr innovative Gesch\u00e4ftsentwicklung in der Sozialen Arbeit&#8220;. Von 2016 bis 2021 war ich als Sozialp\u00e4dagoge im Caritas Freiwilligen-Zentrum M\u00fcnchen-Ost t\u00e4tig. Bis Ende 2018 war mein Schwerpunkt das b\u00fcrgerschaftliche Engagement im Fluchtbereich im gesamten M\u00fcnchner Osten. Daneben bin ich teilselbstst\u00e4ndig als <a href=\"https:\/\/muenchner-supervision.de\/systemische-supervision-muenchen\/\">Supervisor<\/a>, Coach, Trainer und <a rel=\"noreferrer noopener\" href=\"https:\/\/muenchner-supervision.de\/\" target=\"_blank\">Organisationsberater<\/a> im sozialen Bereich.<br>Weitere Berufserfahrung: Arbeit mit unbegleiteten minderj\u00e4hrigen Fl\u00fcchtlingen, Verbandsjugendarbeit, Schulsozialarbeit, Jugendberatungsstelle.<\/p>\n\n\n\n<p><strong>Privates:<\/strong><br>Radeln, Berge &amp; Seen, Camping, Musik (Schlagzeug, Gitarre), kochen (bayrisch, schw\u00e4bisch, hessisch, aus aller Welt), fotografieren.<\/p>\n","protected":false},"excerpt":{"rendered":"<p>Pers\u00f6nlich:Jahrgang 1976 Wohnhaft in Bogenhausen-Denning Politisch:\u00dcber meine Arbeit als Sozialp\u00e4dagoge f\u00fcr jungenliche Gefl\u00fcchtete in der Bayernkaserne 2015 bin ich zu den Gr\u00fcnen gekommen und arbeite im Stadtarbeitskreis Migration&amp;Flucht der Gr\u00fcnen&#8230; <\/p>\n","protected":false},"author":1,"featured_media":0,"parent":0,"menu_order":0,"comment_status":"closed","ping_status":"closed","template":"","meta":[],"_links":{"self":[{"href":"https:\/\/andreas-vosseler.de\/index.php?rest_route=\/wp\/v2\/pages\/32"}],"collection":[{"href":"https:\/\/andreas-vosseler.de\/index.php?rest_route=\/wp\/v2\/pages"}],"about":[{"href":"https:\/\/andreas-vosseler.de\/index.php?rest_route=\/wp\/v2\/types\/page"}],"author":[{"embeddable":true,"href":"https:\/\/andreas-vosseler.de\/index.php?rest_route=\/wp\/v2\/users\/1"}],"replies":[{"embeddable":true,"href":"https:\/\/andreas-vosseler.de\/index.php?rest_route=%2Fwp%2Fv2%2Fcomments&post=32"}],"version-history":[{"count":19,"href":"https:\/\/andreas-vosseler.de\/index.php?rest_route=\/wp\/v2\/pages\/32\/revisions"}],"predecessor-version":[{"id":447,"href":"https:\/\/andreas-vosseler.de\/index.php?rest_route=\/wp\/v2\/pages\/32\/revisions\/447"}],"wp:attachment":[{"href":"https:\/\/andreas-vosseler.de\/index.php?rest_route=%2Fwp%2Fv2%2Fmedia&parent=32"}],"curies":[{"name":"wp","href":"https:\/\/api.w.org\/{rel}","templated":true}]}}